e
Is 690 a multiple of 26?
False
Is 5 a factor of 479?
False
Is 16343 a multiple of 85?
False
Does 102 divide 4794?
True
Does 11 divide 1309?
True
Is 61 a factor of 2074?
True
Does 13 divide 246?
False
Is 10791 a multiple of 82?
False
Does 27 divide 1543?
False
Is 13097 a multiple of 15?
False
Is 12 a multiple of 10?
False
Is 74 a factor of 3895?
False
Does 53 divide 2597?
True
Is 60 a factor of 18881?
False
Is 32 a factor of 623?
False
Is 69 even?
False
Does 18 divide 36?
True
Is 3347 a multiple of 3?
False
Is 42 a factor of 3044?
False
Is 5807 a multiple of 29?
False
Is 24 a factor of 72?
True
Is 1128 a multiple of 24?
True
Does 12 divide 1044?
True
Is 36540 a multiple of 90?
True
Is 22507 a multiple of 10?
False
Does 23 divide 2962?
False
Is 6357 a multiple of 39?
True
Is 5 a factor of 808?
False
Does 15 divide 628?
False
Is 10332 a multiple of 164?
True
Is 28 a factor of 15271?
False
Does 46 divide 267?
False
Does 8 divide 7457?
False
Does 68 divide 476?
True
Is 27 a factor of 50706?
True
Does 66 divide 1386?
True
Is 11 a factor of 693?
True
Is 54 a factor of 4050?
True
Is 3429 a multiple of 27?
True
Does 48 divide 48?
True
Is 63 a factor of 819?
True
Is 11425 a multiple of 25?
True
Is 5 a factor of 4516?
False
Does 8 divide 2011?
False
Does 134 divide 13903?
False
Is 38 a factor of 418?
True
Is 58 a factor of 3584?
False
Is 18774 a multiple of 7?
True
Is 193 a multiple of 32?
False
Does 5 divide 1055?
True
Is 71 a factor of 15712?
False
Is 146 even?
True
Does 3 divide 21?
True
Is 217 a factor of 10199?
True
Is 99 a multiple of 92?
False
Is 870 a multiple of 30?
True
Is 2039 a multiple of 74?
False
Is 3936 a multiple of 82?
True
Does 2 divide 1200?
True
Is 5023 a multiple of 17?
False
Is 10 a factor of 758?
False
Is 34 a factor of 3967?
False
Does 19 divide 722?
True
Does 7 divide 1253?
True
Is 8232 a multiple of 12?
True
Is 22 a factor of 132?
True
Does 274 divide 30414?
True
Does 62 divide 2052?
False
Is 93 a factor of 4929?
True
Is 4543 a multiple of 7?
True
Is 13 a factor of 7930?
True
Is 23 a factor of 11132?
True
Does 4 divide 8767?
False
Does 11 divide 34800?
False
Is 323 a multiple of 17?
True
Is 9 a factor of 765?
True
Is 18 a factor of 594?
True
Is 8924 a multiple of 92?
True
Is 35 a factor of 210?
True
Is 28 a factor of 983?
False
Is 80 a factor of 1821?
False
Is 6437 a multiple of 41?
True
Is 692 a multiple of 34?
False
Is 13 a factor of 3894?
False
Does 29 divide 27724?
True
Is 11185 a multiple of 125?
False
Does 20 divide 5820?
True
Is 38937 a multiple of 53?
False
Is 35 a multiple of 21?
False
Does 67 divide 15399?
False
Does 67 divide 4065?
False
Does 33 divide 27258?
True
Is 3 a factor of 174?
True
Does 6 divide 175?
False
Is 4 a factor of 5082?
False
Is 298 a multiple of 2?
True
Does 61 divide 4392?
True
Does 16 divide 195?
False
Is 126055 a multiple of 85?
True
Is 24 a factor of 144?
True
Does 7 divide 10535?
True
Is 277 a multiple of 43?
False
Is 260 a multiple of 5?
True
Is 4386 a multiple of 42?
False
Does 15 divide 645?
True
Does 185 divide 3638?
False
Is 9 a factor of 8127?
True
Is 24 a factor of 1344?
True
Is 2560 a multiple of 10?
True
Does 7 divide 973?
True
Is 35 a factor of 1260?
True
Does 6 divide 66?
True
Is 5808 a multiple of 24?
True
Is 21 a factor of 5647?
False
Is 5954 a multiple of 8?
False
Is 6095 a multiple of 53?
True
Is 33384 a multiple of 43?
False
Does 5 divide 423?
False
Is 6996 a multiple of 32?
False
Is 15 a factor of 12844?
False
Is 86 a factor of 38098?
True
Is 3030 a multiple of 64?
False
Is 11 a factor of 105809?
True
Is 15318 a multiple of 32?
False
Does 63 divide 4536?
True
Does 17 divide 1702?
False
Is 3990 a multiple of 5?
True
Is 38060 a multiple of 220?
True
Is 14 a factor of 32855?
False
Is 28479 a multiple of 33?
True
Is 20835 a multiple of 9?
True
Is 31 a factor of 16780?
False
Is 18 a factor of 486?
True
Is 4 a factor of 159?
False
Is 2 a factor of 109?
False
Does 15 divide 1290?
True
Is 244 a multiple of 4?
True
Does 123 divide 8530?
False
Is 798 a multiple of 42?
True
Does 17 divide 1598?
True
Is 29 a factor of 2070?
False
Is 54758 a multiple of 22?
True
Is 386 a factor of 3860?
True
Is 1528 a multiple of 19?
False
Is 39 a factor of 2223?
True
Is 5090 a multiple of 10?
True
Does 22 divide 297?
False
Does 35 divide 175?
True
Is 35 a factor of 910?
True
Is 275 a multiple of 10?
False
Is 12360 a multiple of 60?
True
Is 75 a multiple of 5?
True
Is 14 a factor of 3348?
False
Does 186 divide 80352?
True
Is 11315 a multiple of 29?
False
Is 2512 a multiple of 72?
False
Is 15258 a multiple of 22?
False
Is 9 a factor of 1430?
False
Is 198 a multiple of 18?
True
Does 17 divide 3472?
False
Does 2 divide 6343?
False
Does 16 divide 656?
True
Does 13 divide 1209?
True
Is 8836 a multiple of 15?
False
Does 47 divide 1316?
True
Is 9730 a multiple of 278?
True
Is 71 a factor of 28684?
True
Does 125 divide 35567?
False
Does 95 divide 6868?
False
Is 17 a factor of 493?
True
Does 22 divide 1873?
False
Is 90 a factor of 990?
True
Is 13043 a multiple of 8?
False
Is 15 a factor of 17051?
False
Is 1658 a multiple of 89?
False
Does 62 divide 8432?
True
Is 7 a factor of 1225?
True
Is 127 a factor of 1487?
False
Does 4 divide 63?
False
Is 46 a factor of 27554?
True
Is 23732 a multiple of 20?
False
Does 208 divide 21348?
False
Does 56 divide 22064?
True
Does 16 divide 2435?
False
Is 16 a factor of 1088?
True
Is 12 a factor of 4725?
False
Is 66715 a multiple of 36?
False
Does 4 divide 3701?
False
Does 34 divide 4421?
False
Does 34 divide 2176?
True
Is 6372 a multiple of 62?
False
Does 115 divide 2569?
False
Is 10306 a multiple of 28?
False
Is 34 a factor of 188?
False
Does 24 divide 480?
True
Is 17 a factor of 2349?
False
Is 796 a multiple of 16?
False
Does 21 divide 316?
False
Does 12 divide 29044?
False
Does 25 divide 556?
False
Is 106 a factor of 4447?
False
Does 5 divide 1355?
True
Does 22 divide 17842?
True
Is 1571 a multiple of 44?
False
Is 2445 a multiple of 15?
True
Is 11759 a multiple of 14?
False
Is 13 a factor of 35913?
False
Is 1178 a multiple of 38?
True
Is 37 a factor of 94?
False
Does 36 divide 1728?
True
Is 16 a factor of 2598?
False
Is 235 a factor of 123375?
True
Is 2002 a multiple of 14?
True
Does 38 divide 10853?
False
Is 6156 a multiple of 19?
True
Is 97 a factor of 388?
True
Is 6 a factor of 727?
False
Does 5 divide 1561?
False
Is 103 a factor of 30649?
False
Is 31 a factor of 1023?
True
Does 100 divide 800?
True
Is 13213 a multiple of 16?
False
Does 14 divide 1344?
True
Is 43 a multiple of 15?
False
Does 17 divide 1364?
False
Is 168 a multiple of 28?
True
Is 14 a factor of 27262?
False
Does 27 divide 22135?
False
Is 24 a factor of 267?
False
Does 18 divide 828?
True
Is 7 a factor of 710?
False
Does 25 divide 4249?
False
Is 1400 a multiple of 14?
True
Is 32 a factor of 21242?
False
Is 5150 a multiple of 103?
True
Is 26 a factor of 3380?
True
Is 240 a multiple of 16?
True
Does 11 divide 330?
True
Is 16 a factor of 386?
False
Does 9 divide 13059?
True
Is 2037 a multiple of 48?
False
Is 12 a factor of 1249?
False
Is 13509 a multiple of 12?
False
Is 14314 a multiple of 17?
True
Is 2343 a multiple of 71?
True
Does 275 divide 53900?
True
Is 816 a multiple of 17?
True
Is 12605 a multiple of 13?
False
Does 3 divide 910?
False
Does 111 divide 666?
True
Is 10 a factor of 4729?
False
Is 14 a factor of 406?
True
Does 9 divide 3686?
False
Does 95 divide 48260?
True
Is 1915 a multiple of 24?
False
Does 14 divide 3652?
False
Is 5 a factor of 4340?
True
Is 24 a factor of 44?
False
Is 37 a factor of 37?
True
Is 33864 a multiple of 51?
True
Is 151 a factor of 19781?
True
Is 4 a factor of 388?
True
Does 71 divide 1065?
True
Is 4601 a multiple of 72?
False
Is 63 a factor of 4347?
True
Does 4 divide 23?
False
Does 76 divide 8436?
True
Does 2 divide 1136?
True
Is 861 a multiple of 21?
True
Does 18 divide 43362?
True
Is 78 a multiple of 39?
True
Does 96 divide 3936?
True
Does 90 divide 8190?
True
Is 87784 a multiple of 8?
True
Does 23 divide 348?
False
Does 3 divide 143?
False
Is 4 a factor of 19126?
False
Is 17 a factor of 2167?
False
Does 140 divide 17920?
True
Does 10 divide 200?
True
Does 17 divide 136?
True
Is 6 a factor of 792?
True
Does 11 divide 40733?
True
Is 2300 a multiple of 115?
True
Is 28 a f